5.
171
What is the remainder when 98311 is divided by 371?
367
Calculate the remainder when 14623 is divided by 318.
313
What is the remainder when 35812 is divided by 535?
502
What is the remainder when 2250 is divided by 537?
102
Calculate the remainder when 75184 is divided by 213.
208
What is the remainder when 1000 is divided by 972?
28
Calculate the remainder when 7589 is divided by 46.
45
What is the remainder when 1734722 is divided by 454?
442
What is the remainder when 313295 is divided by 25?
20
Calculate the remainder when 100486 is divided by 100481.
5
Calculate the remainder when 11165 is divided by 90.
5
What is the remainder when 246299 is divided by 15?
14
What is the remainder when 4614082 is divided by 202?
200
Calculate the remainder when 15197 is divided by 7510.
177
Calculate the remainder when 1442 is divided by 135.
92
Calculate the remainder when 3318 is divided by 250.
68
What is the remainder when 231121 is divided by 110?
11
What is the remainder when 103397 is divided by 14768?
21
What is the remainder when 674066 is divided by 20?
6
Calculate the remainder when 359465 is divided by 362.
361
Calculate the remainder when 495866 is divided by 15.
11
What is the remainder when 13458 is divided by 151?
19
Calculate the remainder when 22131 is divided by 134.
21
What is the remainder when 14511 is divided by 16?
15
Calculate the remainder when 8553 is divided by 29.
27
What is the remainder when 2183 is divided by 995?
193
Calculate the remainder when 1707 is divided by 846.
15
Calculate the remainder when 4150 is divided by 320.
310
Calculate the remainder when 28433 is divided by 360.
353
What is the remainder when 222 is divided by 152?
70
Calculate the remainder when 78353 is divided by 74.
61
What is the remainder when 331721 is divided by 66340?
21
What is the remainder when 35411 is divided by 334?
7
What is the remainder when 4182 is divided by 4169?
13
Calculate the remainder when 496 is divided by 16.
0
What is the remainder when 4098787 is divided by 837?
835
Calculate the remainder when 2235 is divided by 305.
100
Calculate the remainder when 12021 is divided by 2001.
15
What is the remainder when 8426 is divided by 312?
2
What is the remainder when 2399 is divided by 478?
9
Calculate the remainder when 490895 is divided by 126.
125
Calculate the remainder when 18455 is divided by 85.
10
What is the remainder when 2456 is divided by 387?
134
What is the remainder when 9082 is divided by 129?
52
What is the remainder when 67280 is divided by 123?
122
What is the remainder when 192708 is divided by 1059?
1029
Calculate the remainder when 7559 is divided by 3749.
61
Calculate the remainder when 32703 is divided by 7.
6
What is the remainder when 629579 is divided by 15?
14
Calculate the remainder when 732 is divided by 44.
28
Calculate the remainder when 1255619 is divided by 353.
351
What is the remainder when 20128 is divided by 28?
24
What is the remainder when 425 is divided by 328?
97
What is the remainder when 71211 is divided by 33?
30
What is the remainder when 29224 is divided by 3246?
10
Calculate the remainder when 636 is divided by 583.
53
Calculate the remainder when 10394 is divided by 368.
90
Calculate the remainder when 52798 is divided by 88.
86
Calculate the remainder when 29230 is divided by 9719.
73
What is the remainder when 1834 is divided by 16?
10
What is the remainder when 7298 is divided by 1004?
270
What is the remainder when 154391 is divided by 646?
643
What is the remainder when 6098 is divided by 89?
46
Calculate the remainder when 103631 is divided by 26.
21
What is the remainder when 43635 is divided by 7256?
99
What is the remainder when 593 is divided by 42?
5
Calculate the remainder when 430800 is divided by 1152.
1104
Calculate the remainder when 579 is divided by 176.
51
What is the remainder when 3993 is divided by 210?
3
Calculate the remainder when 3845 is divided by 374.
105
What is the remainder when 14010 is divided by 190?
140
Calculate the remainder when 1596 is divided by 508.
72
What is the remainder when 8502 is divided by 70?
32
What is the remainder when 7561 is divided by 111?
13
Calculate the remainder when 456 is divided by 8.
0
What is the remainder when 230425 is divided by 151?
150
Calculate the remainder when 3168 is divided by 406.
326
Calculate the remainder when 26364 is divided by 23.
6
What is the remainder when 45233 is divided by 11082?
905
Calculate the remainder when 93564 is divided by 1215.
9
What is the remainder when 108795 is divided by 7?
1
Calculate the remainder when 6146 is divided by 58.
56
Calculate the remainder when 541079 is divided by 1019.
1009
What is the remainder when 13661 is divided by 112?
109
Calculate the remainder when 6928 is divided by 18.
16
Calculate the remainder when 633415 is divided by 58.
55
What is the remainder when 21823 is divided by 7237?
112
What is the remainder when 1441 is divided by 1314?
127
What is the remainder when 41456 is divided by 41447?
9
Calculate the remainder when 53250 is divided by 182.
106
What is the remainder when 922 is divided by 28?
26
Calculate the remainder when 42814 is divided by 79.
75
What is the remainder when 463218 is divided by 20?
18
Calculate the remainder when 13914 is divided by 81.
63
What is the remainder when 43125 is divided by 14371?
12
What is the remainder when 20857 is divided by 1097?
14
Calculate the remainder when 7864 is divided by 3766.
332
What is the remainder when 797 is divided by 186?
53
What is the remainder when 3653 is divided by 908?
21
Calculate the remainder when 48146 is divided by 1205.
1151
Calculate the remainder when 190090 is divided by 7919.
34
What is the remainder when 350751 is divided by 1344?
1311
Calculate the remainder when 839663 is divided by 899.
896
What is the remainder when 83026 is divided by 19?
15
Calculate the remainder when 15751 is divided by 1957.
95
Calculate the remainder when 51217 is divided by 1165.
1122
Calculate the remainder when 9197 is divided by 2.
1
Calculate the remainder when 431734 is divided by 35.
9
What is the remainder when 35180 is divided by 31?
26
What is the remainder when 21923 is divided by 29?
28
Calculate the remainder when 25216 is divided by 191.
4
What is the remainder when 207618 is divided by 531?
528
What is the remainder when 16536 is divided by 775?
261
Calculate the remainder when 2950 is divided by 574.
80
Calculate the remainder when 57841 is divided by 5783.
11
Calculate the remainder when 56943 is divided by 234.
81
Calculate the remainder when 359314 is divided by 54.
52
What is the remainder when 77074 is divided by 9?
7
Calculate the remainder when 16669 is divided by 5547.
28
Calculate the remainder when 3492 is divided by 46.
42
What is the remainder when 572243 is divided by 1050?
1043
Calculate the remainder when 26248 is divided by 1465.
1343
Calculate the remainder when 964 is divided by 87.
7
What is the remainder when 8035 is divided by 20?
15
Calculate the remainder when 198665 is divided by 89.
17
Calculate the remainder when 11027 is divided by 2155.
252
What is the remainder when 502742 is divided by 125684?
6
What is the remainder when 9161 is divided by 263?
219
What is the remainder when 74793 is divided by 47?
16
Calculate the remainder when 1751 is divided by 825.
101
What is the remainder when 13413 is divided by 383?
8
Calculate the remainder when 88034 is divided by 44014.
6
Calculate the remainder when 24136 is divided by 2006.
64
What is the remainder when 380 is divided by 36?
20
What is the remainder when 51228 is divided by 25611?
6
What is the remainder when 21041 is divided by 526?
1
What is the remainder when 968998 is divided by 389?
388
What is the remainder when 168726 is divided by 18?
12
Calculate the remainder when 108947 is divided by 26.
7
Calculate the remainder when 59997 is divided by 16.
13
What is the remainder when 14455 is divided by 587?
367
Calculate the remainder when 44944 is divided by 2995.
19
What is the remainder when 5085 is divided by 1688?
21
What is the remainder when 18929 is divided by 244?
141
Calculate the remainder when 18213 is divided by 3034.
9
What is the remainder when 1855 is divided by 1053?
802
What is th